lculate the highest common divisor of m and l.
3
Let k = -188 + 230. Suppose -3*n = -u + 12, 4*u + 5*n - 14 + 0 = 0. Calculate the highest common divisor of u and k.
6
Let l be (-333 + (-88)/8)/(-2). Calculate the greatest common divisor of 8 and l.
4
Suppose 2*z = 5*z. Let k = -83 + 59. Let n be k*(-1)/(z - -3). Calculate the highest common divisor of n and 8.
8
Let m = 45 + -45. Suppose 0 = -2*v + 4*g + 20, m*v + 4*v - 76 = -4*g. What is the greatest common divisor of v and 128?
16
Suppose 0 = -3*u + 68 + 7. Let q be 138/5 + 10/u. Suppose -4*p - 5*t + 127 = 0, 43 = 2*p - 5*t - q. Calculate the greatest common factor of 22 and p.
11
Let j(q) = -24*q + 861. Let l be j(34). Suppose -5 + 0 = -5*k, 0 = 4*n + 5*k - 65. What is the highest common divisor of n and l?
15
Suppose -17*w + 12*w + 5*n = -395, -3*w - 4*n = -216. Calculate the greatest common factor of 19 and w.
19
Suppose -5*m - 71 = -21. Let c = 12 + m. Suppose -c*y + 241 = t - 4*y, 0 = t + y - 226. Calculate the greatest common factor of 21 and t.
21
Let a(t) = -7*t + 3*t + 2*t + 67 + t. Let f be a(0). Let k = 133 - f. What is the highest common divisor of k and 6?
6
Let n(d) = -d - 16. Let f be n(-5). Let c(i) = -4*i - 18. Let b be c(f). What is the highest common divisor of b and 39?
13
Let s = -1454 - -4398. Calculate the highest common factor of 23 and s.
23
Let l = -22 - -32. Suppose 10*a - 12*a + 30 = 2*c, -a - 2*c + 10 = 0. Calculate the greatest common divisor of l and a.
10
Let q = 339 - 10. Calculate the highest common divisor of q and 47.
47
Let c = -990 + 1529. Calculate the greatest common factor of 7 and c.
7
Let o(j) = 37*j - 383. Let f be o(11). Suppose 4*b - 48 = -0*b. What is the highest common divisor of b and f?
12
Suppose 2*k - 3*a + 4 + 14 = 0, 20 = -5*k - 5*a. Let v be 8*-1*(k + 4). What is the highest common factor of 24 and v?
8
Let j(t) = t**3 - t**2 - 2*t - 1. Let i be j(2). Let r be -3 - 39/(-1)*i. Let g be 72/r*91/(-2). Calculate the greatest common divisor of g and 13.
13
Suppose -z + 0*t + 230 = -t, 4*t = -5*z + 1150. What is the greatest common divisor of 50 and z?
10
Let y be -2 + (-395)/(-55) + (-4)/22. What is the greatest common factor of 1 and y?
1
Let d(p) = p**3 + 5*p**2 - 4*p. Let t be d(-5). Let w be (3/(-5))/(-3) + (-637)/(-65). What is the highest common divisor of t and w?
10
Let i = 71 - 62. What is the highest common divisor of i and 117?
9
Suppose 4*p - 7*t + 3*t - 200 = 0, -3*p + 150 = t. What is the greatest common factor of p and 225?
25
Let f(n) = -38*n - 180. Let v be f(-38). What is the greatest common factor of 79 and v?
79
Let o(c) = -9*c - 12. Let h be o(7). Let n = h + 173. Let w(l) = -2*l + 2. Let z be w(-6). Calculate the greatest common factor of z and n.
14
Suppose 176*c = 171*c + 1235. What is the highest common factor of c and 39?
13
Let z = 208 - 180. Calculate the highest common divisor of z and 28.
28
Suppose 2*g - 90 = -34*i + 30*i, 0 = -3*i + 4*g + 40. What is the greatest common divisor of 20 and i?
20
Let g(v) = -4*v**3 + 2*v**2 + 3*v - 3. Let j be g(-3). Let k = 780 + -742. What is the greatest common divisor of j and k?
38
Let i = -1332 + 1343. What is the highest common divisor of 352 and i?
11
Let h(n) = n**3 - 20*n**2 - 22*n + 29. Let o be h(21). Suppose -13*i + o = -5*i. What is the highest common divisor of i and 13?
1
Let f(w) = -7*w**2 - 41*w - 25. Let r be f(-5). Calculate the greatest common divisor of 8 and r.
1
Let y(r) = -r**2 + 6*r + 1. Let u be y(6). Suppose 2 = -3*i - u. Let b be (1/i)/(16/(-304)). What is the greatest common factor of 19 and b?
19
Let u(l) = -34*l - 5. Let d be u(-12). What is the greatest common divisor of d and 13?
13
Let i be (0 - 28)*104/(-16). Calculate the highest common divisor of i and 91.
91
Suppose h - 5*o - 152 = -o, 293 = 2*h + 3*o. Suppose -25*i + 297 = -628. What is the greatest common divisor of i and h?
37
Suppose -3*g = -2*g - 6. Suppose -42*j = -41*j - 117. Let b = j + -99. Calculate the greatest common divisor of g and b.
6
Suppose 667 + 411 = 14*o. Let k = -1 + 4. Suppose k*m = 2*m + o. Calculate the greatest common factor of m and 7.
7
Let r = -258 - -264. Calculate the greatest common factor of r and 174.
6
Let a be (-46)/(-1 + -2 - (-3 + 2)). Let k = a - 16. What is the highest common factor of 7 and k?
7
Let j(r) be the first derivative of -r**2/2 - 7*r + 4. Let q be j(-12). Calculate the greatest common divisor of q and 5.
5
Let o = -22 + 32. Let u(t) = -7*t**3 + 5*t**2 - t - 8. Let h be u(-2). What is the greatest common factor of h and o?
10
Suppose 3*z - 4*b - 12 = 0, z + 3*b - 5 + 1 = 0. What is the greatest common factor of 5 and z?
1
Suppose -2*u + 2*g = -532, 2*g = 3*u - 2*g - 803. Calculate the highest common divisor of 9 and u.
9
Let f be (-2)/(-6) - 119/(-21). Suppose 0 = -p + f*p - 20. Suppose o - p*o + 357 = 0. What is the greatest common divisor of o and 17?
17
Let v = -531 - -544. Calculate the highest common factor of v and 559.
13
Let g = 19 - -6. Suppose -y - 3*s = -7, -2*y - 4*s - 5 = -29. Let d be (y/(-8))/((-3)/300). What is the highest common factor of g and d?
25
Let c(h) = 3*h**2 - 2*h - 1. Let i be c(-1). Let x be 30*(i - (-36)/(-10)). What is the greatest common divisor of 4 and x?
4
Suppose 5*q - 4 = 3*q, -3*q - 154 = -x. Let l be ((-12)/(-10))/(24/x). Suppose 3*w = -18 + 78. Calculate the highest common factor of l and w.
4
Suppose 0 = -4*n + 10 + 10. Let l = -29 - -85. Suppose -n*t + l = -t. Calculate the highest common factor of t and 21.
7
Let p(m) = -228*m - 33. Let w be p(-1). Calculate the greatest common divisor of 78 and w.
39
Suppose 4*p = -27 + 183. Let u = p - 10. What is the greatest common factor of u and 29?
29
Let m = -12 - -51. Let y = -3691 - -3704. Calculate the highest common factor of y and m.
13
Let l be 0/(-3 + 1 + 0). Let v = l + 10. Let h be ((-15)/v)/(1/(-8)). Calculate the greatest common factor of h and 6.
6
Let c be 321 + (-6 - 1)*4/14. What is the greatest common divisor of 11 and c?
11
Let o be ((-2)/(-14) + -3)/(10/(-35)). Let g(n) = 3*n - 14. Let a be g(o). What is the highest common divisor of 128 and a?
16
Let z be (-9)/(-10)*235/141*70. What is the highest common factor of z and 280?
35
Suppose 6*s = -3*p + 498 + 444, 4*s = -5*p + 1546. Calculate the greatest common factor of 136 and p.
34
Suppose 5*p = -5*s + 125, 3 = -s - 3*p + 30. Calculate the highest common divisor of 384 and s.
24
Suppose -2*i + 272 = 2*i. Let p(v) = v**3 - 25*v**2 - 54*v + 17. Let w be p(27). What is the highest common divisor of i and w?
17
Let g be ((-15)/(-12) + -1)/((-2)/(-24)). Suppose g - 6 = -3*v. What is the greatest common divisor of 4 and v?
1
Let y = 1287 + -40. What is the greatest common factor of y and 29?
29
Suppose 4*v + 3*d + 2*d - 12 = 0, 4*v = d - 12. Let a be 10/20 + (-287)/v. Calculate the greatest common divisor of a and 16.
16
Let p be (246/(-5))/(5/(-25)). Let j be (1/(-2))/(1/p). Let f = j + 277. What is the greatest common factor of f and 14?
14
Let k be (-3)/1 + (-10)/(-5) + -1. Let d be (-1 + -1)*((-17)/k)/(-1). Calculate the greatest common factor of 68 and d.
17
Let d = 53 + -50. Suppose 2*i = v + 10, -4*i = 2*v + d*v - 20. Let f(a) = 3*a. Let w be f(5). What is the highest common factor of i and w?
5
Suppose -8*i + 290 = -14. Let s(g) = -5*g**3 - 4*g**2 + 2*g + 2. Let k be s(-3). Calculate the highest common divisor of i and k.
19
Suppose 0 = 9*g - 4*g - 40. Let k be 1*(g - 0) - 4. Suppose 829 = 5*w + b, k*w - 282 = 3*b + 366. What is the highest common divisor of w and 15?
15
Suppose 0 = -c - 0*c - 4. Let p be ((-9)/(-4))/((-1)/c). Let k be 1 - (0 + 4) - -3 - (-810)/30. Calculate the greatest common divisor of k and p.
9
Suppose 2*t = 16 + 20. Let r = t - 16. Suppose -r*a + 5*a = n + 45, 4*n - 15 = -a. Calculate the highest common factor of a and 15.
15
Let k(o) = -4*o + 0*o + 36 + 5*o. Suppose a = z + 11, -2*z - z = a + 53. Let d be k(z). What is the highest common divisor of 50 and d?
10
Let l be (-580)/(-44) - (-6)/(-33). Let x = l + -9. Suppose x*u + 3*h - 22 = 8, -2*u = 4*h - 10. What is the highest common factor of u and 9?
9
Suppose -559*h = -565*h + 924. Calculate the greatest common factor of 42 and h.
14
Let z be (-28)/(-3)*(-6240)/(-56). Calculate the highest common factor of z